{"id":494,"date":"2025-11-29T15:57:03","date_gmt":"2025-11-29T14:57:03","guid":{"rendered":"https:\/\/www.energieberatung-fillafer.de\/?page_id=494"},"modified":"2026-01-26T09:45:05","modified_gmt":"2026-01-26T08:45:05","slug":"impressum","status":"publish","type":"page","link":"https:\/\/www.energieberatung-fillafer.de\/index.php\/impressum\/","title":{"rendered":"Impressum"},"content":{"rendered":"\n<p>Angaben gem\u00e4\u00df \u00a7 5 DDG<\/p>\n\n\n\n<p>Fillafer Energieberatung<br>Waldkirchener Str. 14<br>94051 Hauzenberg<br><\/p>\n\n\n\n<p><strong>Vertreten durch:<\/strong><br>Florian Fillafer<br><\/p>\n\n\n\n<p><strong>Kontakt:<\/strong><br>Telefon: +49 (0)171 4972204<br>E-Mail: <a href=\"mailto:kontakt@energieberatung-fillafer.de\" title=\"\">kontakt@energieberatung-fillafer.de<\/a><\/p>\n\n\n\n<p><strong>Verbraucherstreitbeilegung \/ Universalschlichtungsstelle<\/strong><br>Wir nehmen nicht an Streitbeilegungsverfahren vor einer Verbraucherschlichtungsstelle teil und sind dazu auch nicht verpflichtet.<\/p>\n\n\n\n<p><strong>Datenschutzerkl\u00e4rung<\/strong><br>Unter dem folgenden Link finden Sie unsere <a href=\"https:\/\/www.energieberatung-fillafer.de\/index.php\/datenschutz\/\" title=\"\">Datenschutzerkl\u00e4rung<\/a>.<\/p>\n\n\n\n<p><strong>Haftungsausschluss:<\/strong><br><br><strong>Haftung f\u00fcr Inhalte<\/strong><br>Die Inhalte unserer Seiten wurden mit gr\u00f6\u00dfter Sorgfalt erstellt. F\u00fcr die Richtigkeit, Vollst\u00e4ndigkeit und Aktualit\u00e4t der Inhalte k\u00f6nnen wir jedoch keine Gew\u00e4hr \u00fcbernehmen. Als Diensteanbieter sind wir gem\u00e4\u00df \u00a7 7 Abs.1 DDG f\u00fcr eigene Inhalte auf diesen Seiten nach den allgemeinen Gesetzen verantwortlich. Nach \u00a7\u00a7 8 bis 10 DDG sind wir als Diensteanbieter jedoch nicht verpflichtet, \u00fcbermittelte oder gespeicherte fremde Informationen zu \u00fcberwachen oder nach Umst\u00e4nden zu forschen, die auf eine rechtswidrige T\u00e4tigkeit hinweisen. Verpflichtungen zur Entfernung oder Sperrung der Nutzung von Informationen nach den allgemeinen Gesetzen bleiben hiervon unber\u00fchrt. Eine diesbez\u00fcgliche Haftung ist jedoch erst ab dem Zeitpunkt der Kenntnis einer konkreten Rechtsverletzung m\u00f6glich. Bei Bekanntwerden von entsprechenden Rechtsverletzungen werden wir diese Inhalte umgehend entfernen.<br><br><strong>Haftung f\u00fcr Links<\/strong><br>Unser Angebot enth\u00e4lt Links zu externen Webseiten Dritter, auf deren Inhalte wir keinen Einfluss haben. Deshalb k\u00f6nnen wir f\u00fcr diese fremden Inhalte auch keine Gew\u00e4hr \u00fcbernehmen. F\u00fcr die Inhalte der verlinkten Seiten ist stets der jeweilige Anbieter oder Betreiber der Seiten verantwortlich. Die verlinkten Seiten wurden zum Zeitpunkt der Verlinkung auf m\u00f6gliche Rechtsverst\u00f6\u00dfe \u00fcberpr\u00fcft. Rechtswidrige Inhalte waren zum Zeitpunkt der Verlinkung nicht erkennbar. Eine permanente inhaltliche Kontrolle der verlinkten Seiten ist jedoch ohne konkrete Anhaltspunkte einer Rechtsverletzung nicht zumutbar. Bei Bekanntwerden von Rechtsverletzungen werden wir derartige Links umgehend entfernen.<br><br><strong>Urheberrecht<\/strong><br>Die durch die Seitenbetreiber erstellten Inhalte und Werke auf diesen Seiten unterliegen dem deutschen Urheberrecht. Die Vervielf\u00e4ltigung, Bearbeitung, Verbreitung und jede Art der Verwertung au\u00dferhalb der Grenzen des Urheberrechtes bed\u00fcrfen der schriftlichen Zustimmung des jeweiligen Autors bzw. Erstellers. Downloads und Kopien dieser Seite sind nur f\u00fcr den privaten, nicht kommerziellen Gebrauch gestattet. Soweit die Inhalte auf dieser Seite nicht vom Betreiber erstellt wurden, werden die Urheberrechte Dritter beachtet. Insbesondere werden Inhalte Dritter als solche gekennzeichnet. Sollten Sie trotzdem auf eine Urheberrechtsverletzung aufmerksam werden, bitten wir um einen entsprechenden Hinweis. Bei Bekanntwerden von Rechtsverletzungen werden wir derartige Inhalte umgehend entfernen.<\/p>\n\n\n\n<p>Erstellt mit dem <a href=\"https:\/\/impressum-generator.de\">Impressum-Generator<\/a> von WebsiteWissen.com, dem Ratgeber f\u00fcr <a href=\"https:\/\/websitewissen.com\/website-erstellen\" target=\"_blank\" rel=\"noopener\" title=\"\">Website-Erstellung<\/a>, <a href=\"https:\/\/websitewissen.com\/homepage-baukasten-vergleich\" target=\"_blank\" rel=\"noopener\" title=\"\">Homepage-Bauk\u00e4sten<\/a> und <a href=\"https:\/\/websitewissen.com\/shopsysteme-vergleich\" target=\"_blank\" rel=\"noopener\" title=\"\">Shopsysteme<\/a>. Rechtstext von der <a href=\"https:\/\/www.kanzlei-hasselbach.de\/\" target=\"_blank\" rel=\"noopener\" title=\"\">Kanzlei Hasselbach<\/a>.<\/p>\n","protected":false},"excerpt":{"rendered":"<p>Angaben gem\u00e4\u00df \u00a7 5 DDG Fillafer EnergieberatungWaldkirchener Str. 1494051 Hauzenberg Vertreten durch:Florian Fillafer Kontakt:Telefon: +49 (0)171 4972204E-Mail: kontakt@energieberatung-fillafer.de Verbraucherstreitbeilegung \/ UniversalschlichtungsstelleWir nehmen nicht an Streitbeilegungsverfahren vor einer Verbraucherschlichtungsstelle teil und sind dazu auch nicht verpflichtet. Datenschutzerkl\u00e4rungUnter dem folgenden Link finden Sie unsere Datenschutzerkl\u00e4rung. Haftungsausschluss: Haftung f\u00fcr InhalteDie Inhalte unserer Seiten wurden mit gr\u00f6\u00dfter Sorgfalt erstellt. &#8230; <a title=\"Impressum\" class=\"read-more\" href=\"https:\/\/www.energieberatung-fillafer.de\/index.php\/impressum\/\" aria-label=\"Mehr Informationen \u00fcber Impressum\">Weiterlesen<\/a><\/p>\n","protected":false},"author":1,"featured_media":0,"parent":0,"menu_order":0,"comment_status":"closed","ping_status":"closed","template":"","meta":{"_monsterinsights_skip_tracking":false,"_monsterinsights_sitenote_active":false,"_monsterinsights_sitenote_note":"","_monsterinsights_sitenote_category":0,"footnotes":""},"class_list":["post-494","page","type-page","status-publish"],"aioseo_notices":[],"_links":{"self":[{"href":"https:\/\/www.energieberatung-fillafer.de\/index.php\/wp-json\/wp\/v2\/pages\/494","targetHints":{"allow":["GET"]}}],"collection":[{"href":"https:\/\/www.energieberatung-fillafer.de\/index.php\/wp-json\/wp\/v2\/pages"}],"about":[{"href":"https:\/\/www.energieberatung-fillafer.de\/index.php\/wp-json\/wp\/v2\/types\/page"}],"author":[{"embeddable":true,"href":"https:\/\/www.energieberatung-fillafer.de\/index.php\/wp-json\/wp\/v2\/users\/1"}],"replies":[{"embeddable":true,"href":"https:\/\/www.energieberatung-fillafer.de\/index.php\/wp-json\/wp\/v2\/comments?post=494"}],"version-history":[{"count":6,"href":"https:\/\/www.energieberatung-fillafer.de\/index.php\/wp-json\/wp\/v2\/pages\/494\/revisions"}],"predecessor-version":[{"id":512,"href":"https:\/\/www.energieberatung-fillafer.de\/index.php\/wp-json\/wp\/v2\/pages\/494\/revisions\/512"}],"wp:attachment":[{"href":"https:\/\/www.energieberatung-fillafer.de\/index.php\/wp-json\/wp\/v2\/media?parent=494"}],"curies":[{"name":"wp","href":"https:\/\/api.w.org\/{rel}","templated":true}]}}